205 a factor of 452025?
True
Does 1244 divide 3418879?
False
Does 227 divide 199951?
False
Is 306504 a multiple of 108?
True
Is 79 a factor of 55632?
False
Is 15 a factor of 3159405?
True
Is 110 a factor of 78540?
True
Is 658620 a multiple of 15?
True
Does 32 divide 816256?
True
Is 423 a factor of 3767661?
True
Is 3047746 a multiple of 5?
False
Is 420 a factor of 23478?
False
Is 228715 a multiple of 46?
False
Is 169 a factor of 290187?
False
Is 5184057 a multiple of 39?
False
Does 10 divide 33069?
False
Does 529 divide 1088153?
True
Is 9 a factor of 2963538?
True
Does 24 divide 112368?
True
Does 32 divide 4622016?
True
Is 2220735 a multiple of 40?
False
Is 11111465 a multiple of 11?
False
Is 7243704 a multiple of 936?
True
Is 88 a factor of 638968?
True
Is 1523375 a multiple of 35?
True
Does 84 divide 230893?
False
Is 10 a factor of 7620726?
False
Does 45 divide 1599286?
False
Is 17074131 a multiple of 193?
True
Is 501866 a multiple of 562?
True
Is 45 a factor of 14895?
True
Does 524 divide 52172?
False
Is 4245503 a multiple of 307?
True
Is 3964 a multiple of 4?
True
Does 156 divide 702000?
True
Does 401 divide 240199?
True
Is 771597 a multiple of 33?
False
Is 51192 a multiple of 108?
True
Does 159 divide 12694?
False
Is 289 a factor of 144282?
False
Is 379 a factor of 277421?
False
Is 1885950 a multiple of 330?
True
Does 14 divide 3774648?
False
Does 62 divide 563577?
False
Is 527912 a multiple of 6?
False
Is 254 a factor of 308561?
False
Is 81 a factor of 3556710?
True
Is 1391408 a multiple of 398?
True
Does 19 divide 3648642?
False
Does 89 divide 36579?
True
Does 146 divide 1632864?
True
Is 92931 a multiple of 24?
False
Does 266 divide 942172?
True
Is 158088 a multiple of 56?
True
Is 426 a factor of 1095246?
True
Is 39 a factor of 894118?
False
Is 1583828 a multiple of 144?
False
Does 5 divide 7735695?
True
Does 29 divide 236698?
True
Does 397 divide 171901?
True
Does 9 divide 1108746?
True
Is 10 a factor of 1186620?
True
Is 32892 a multiple of 237?
False
Does 135 divide 8743256?
False
Is 16064429 a multiple of 29?
False
Does 46 divide 1182109?
False
Is 9 a factor of 4928454?
True
Does 40 divide 5607635?
False
Does 2 divide 101672?
True
Is 45 a factor of 567891?
False
Is 476856 a multiple of 179?
True
Is 13 a factor of 344849?
False
Is 234 a factor of 1624662?
True
Is 217695 a multiple of 187?
False
Is 11 a factor of 5801018?
False
Does 51 divide 1538170?
False
Is 49 a factor of 33299?
False
Is 832 a factor of 2039071?
False
Is 601977 a multiple of 177?
True
Is 21 a factor of 582186?
False
Is 5 a factor of 91230?
True
Is 115324 a multiple of 22?
True
Does 2 divide 34075?
False
Does 196 divide 952168?
True
Is 93 a factor of 117229?
False
Is 146877 a multiple of 54?
False
Does 22 divide 12134584?
True
Is 344923 even?
False
Does 37 divide 3189117?
False
Is 85027 a multiple of 190?
False
Is 205 a factor of 300735?
True
Does 212 divide 995935?
False
Is 12 a factor of 1152084?
True
Is 9 a factor of 9665874?
True
Is 62 a factor of 425568?
True
Does 446 divide 338279?
False
Does 77 divide 677950?
False
Is 1531704 a multiple of 14?
False
Is 32 a factor of 238495?
False
Does 56 divide 814898?
False
Does 5 divide 20570?
True
Is 211534 a multiple of 4?
False
Is 13620046 a multiple of 1166?
True
Does 379 divide 1104618?
False
Does 20 divide 119640?
True
Is 359050 a multiple of 165?
False
Is 707132 a multiple of 17?
True
Does 168 divide 7487424?
True
Does 55 divide 1204665?
True
Does 10 divide 496550?
True
Is 32 a factor of 1499872?
True
Is 23 a factor of 1710096?
True
Is 503301 a multiple of 66?
False
Is 5113507 a multiple of 6?
False
Is 172480 a multiple of 8?
True
Is 74888 a multiple of 88?
True
Does 167 divide 16573247?
True
Is 32445 a multiple of 45?
True
Is 575535 a multiple of 6?
False
Is 178056 a multiple of 72?
True
Is 14 a factor of 1160992?
True
Is 566075 a multiple of 46?
False
Is 12700 a multiple of 21?
False
Is 534 a factor of 1008571?
False
Does 12 divide 639624?
True
Is 3590670 a multiple of 4?
False
Is 80 a factor of 228880?
True
Does 47 divide 194794?
False
Is 1166840 a multiple of 155?
True
Does 145 divide 862526?
False
Is 3274727 a multiple of 796?
False
Is 17681147 a multiple of 14?
False
Is 657 a factor of 485254?
False
Is 753 a factor of 7097025?
True
Is 844705 a multiple of 241?
True
Is 268130 a multiple of 26?
False
Is 39 a factor of 21782?
False
Is 18 a factor of 16461954?
True
Does 22 divide 29568?
True
Is 613196 a multiple of 82?
True
Does 194 divide 871272?
False
Does 8 divide 10340176?
True
Is 37278 a multiple of 327?
True
Is 163 a factor of 45934?
False
Is 248 a factor of 2437263?
False
Is 3741 a multiple of 8?
False
Is 23 a factor of 15638766?
False
Is 5879 a multiple of 238?
False
Is 70163 a multiple of 25?
False
Is 183646 a multiple of 155?
False
Is 148 a factor of 16072?
False
Does 26 divide 3858764?
True
Is 8 a factor of 81578?
False
Is 12 a factor of 1160709?
False
Does 16 divide 445843?
False
Does 53 divide 122320?
False
Is 46 a factor of 270342?
True
Does 2 divide 108676?
True
Is 76467 a multiple of 150?
False
Does 58 divide 10516905?
False
Is 55 a factor of 2990680?
True
Is 2515167 a multiple of 51?
True
Is 13 a factor of 2924876?
False
Is 111696 a multiple of 48?
True
Is 309 a factor of 11163245?
False
Is 1041390 a multiple of 57?
True
Is 8 a factor of 125389?
False
Is 147 a factor of 33301?
False
Is 421 a factor of 3727928?
False
Is 91 a factor of 208117?
True
Does 5 divide 407926?
False
Does 107 divide 294250?
True
Is 19 a factor of 341813?
False
Is 1928732 a multiple of 29?
True
Does 7 divide 377475?
True
Is 11790276 a multiple of 27?
False
Is 5 a factor of 42216?
False
Is 500110 a multiple of 7?
False
Does 196 divide 20085296?
True
Does 436 divide 149079?
False
Is 335058 a multiple of 12?
False
Is 642 a factor of 2200776?
True
Does 16 divide 27180672?
True
Is 191817 a multiple of 74?
False
Is 27 a factor of 112602?
False
Does 81 divide 20063257?
False
Does 13 divide 4095598?
True
Does 61 divide 263806?
False
Does 4 divide 2361361?
False
Does 7 divide 3425506?
True
Is 90 a factor of 10530?
True
Is 5858391 a multiple of 270?
False
Is 2705950 a multiple of 13?
True
Does 871 divide 2437852?
False
Does 38 divide 2058156?
True
Does 288 divide 1555024?
False
Is 3409380 a multiple of 470?
True
Does 14 divide 3333974?
True
Is 745782 a multiple of 1495?
False
Is 6637388 a multiple of 512?
False
Does 2 divide 266810?
True
Does 4 divide 8101372?
True
Does 115 divide 46920?
True
Is 37239 a multiple of 14?
False
Does 105 divide 426930?
True
Is 115886 a multiple of 28?
False
Is 470 a factor of 48378?
False
Does 7 divide 18331?
False
Is 357380 a multiple of 10?
True
Is 412732 a multiple of 106?
False
Is 316256 a multiple of 10?
False
Is 321 a factor of 262921?
False
Is 127453 a multiple of 6?
False
Is 105 a factor of 760423?
False
Does 436 divide 2204699?
False
Is 41487 a multiple of 61?
False
Is 56 a factor of 17228?
False
Is 417525 a multiple of 75?
True
Is 35 a factor of 224478?
False
Does 4 divide 886556?
True
Is 31 a factor of 85126?
True
Does 37 divide 1263240?
False
Is 314 a factor of 4314674?
True
Does 12 divide 1795452?
True
Is 2301490 a multiple of 13?
False
Does 57 divide 1649181?
True
Is 185490 even?
True
Does 14 divide 1061060?
True
Is 10 a factor of 118020?
True
Does 36 divide 261238?
False
Is 8 a factor of 793413?
False
Is 15 a factor of 11856724?
False
Is 27 a factor of 34466362?
False
Does 57 divide 622697?
False
Is 329 a factor of 1678827?
False
Does 14 divide 78092?
True
Does 1427 divide 3534679?
True
Is 1800632 a multiple of 18?
False
Is 120227 a multiple of 70?
False
Is 6 a factor of 65070?
True
Is 234 a factor of 178703?
False
Is 166 a factor of 1022726?
True
Does 37 divide 1016538?
True
Is 1773234 a multiple of 43?
True
Is 537840 a multiple of 747?
True
Is 17 a factor of 250563?
True
Is 623 a factor of 12627793?
False
Is 343454 a multiple of 166?
True
Is 634780 a multiple of 578?
False
Is 54 a factor of 85303?
False
Is 12 a factor of 686074?
False
Is 29 a factor of 13804?
True
Does 4 divide 1841039?
False
Is 23 a factor of 447452?
False
Does 10 divide 598530?
True
Is 483409 a multiple of 199?
False
Is 1161 a factor of 11529305?
False
Is 60 a factor of 1855018?
False
Is 320 a factor of 1184212?
Fals